{"id":1763,"date":"2018-12-05T14:58:37","date_gmt":"2018-12-05T11:58:37","guid":{"rendered":"https:\/\/unitechmuhendislik.com\/?page_id=1763"},"modified":"2019-12-18T04:29:32","modified_gmt":"2019-12-18T01:29:32","slug":"bagimsiz-isg-denetimi-hizmeti","status":"publish","type":"page","link":"https:\/\/unitechmuhendislik.com\/?page_id=1763","title":{"rendered":"So\u011futma Tesisatlar\u0131"},"content":{"rendered":"<p>[vc_row][vc_column][vc_column_text css=&#8221;.vc_custom_1576631719210{margin-top: -50px !important;margin-bottom: -50px !important;}&#8221;]<strong>\u2022 Bireysel So\u011futma Tesisat\u0131<br \/>\n\u2022 Merkezi So\u011futma Tesisat\u0131<br \/>\n\u2022 Proses So\u011futma Tesisat\u0131<br \/>\n\u2022 De\u011fi\u015fken Debili Klima (VRV\/VRF\/VRS) Tesisat\u0131<br \/>\n\u2022 DX Bataryal\u0131 Klima Santrali So\u011futma Tesisat\u0131<br \/>\n\u2022 Yerden\/Tavandan\/Duvardan Serinletme<br \/>\n\u2022 Is\u0131 Pompas\u0131 Uygulamalar\u0131<br \/>\n\u2022 Evaporatif So\u011futma Tesisat\u0131<\/strong>[\/vc_column_text][\/vc_column][\/vc_row][vc_row css=&#8221;.vc_custom_1544006553918{margin-top: -20px !important;}&#8221;][vc_column][vc_row_inner][vc_column_inner][vc_empty_space][\/vc_column_inner][\/vc_row_inner][\/vc_column][\/vc_row]<\/p>\n","protected":false},"excerpt":{"rendered":"<p>[vc_row][vc_column][vc_column_text css=&#8221;.vc_custom_1576631719210{margin-top: -50px !important;margin-bottom: -50px !important;}&#8221;]\u2022 Bireysel So\u011futma Tesisat\u0131 \u2022 Merkezi So\u011futma Tesisat\u0131 \u2022 Proses So\u011futma Tesisat\u0131 \u2022 De\u011fi\u015fken Debili Klima (VRV\/VRF\/VRS) Tesisat\u0131 \u2022 DX Bataryal\u0131 Klima Santrali So\u011futma Tesisat\u0131 \u2022 Yerden\/Tavandan\/Duvardan Serinletme \u2022 Is\u0131 Pompas\u0131 Uygulamalar\u0131 \u2022 Evaporatif So\u011futma Tesisat\u0131[\/vc_column_text][\/vc_column][\/vc_row][vc_row css=&#8221;.vc_custom_1544006553918{margin-top: -20px !important;}&#8221;][vc_column][vc_row_inner][vc_column_inner][vc_empty_space][\/vc_column_inner][\/vc_row_inner][\/vc_column][\/vc_row]<\/p>\n","protected":false},"author":4852,"featured_media":0,"parent":0,"menu_order":0,"comment_status":"closed","ping_status":"closed","template":"page-templates\/template-fullwidth.php","meta":[],"_links":{"self":[{"href":"https:\/\/unitechmuhendislik.com\/index.php?rest_route=\/wp\/v2\/pages\/1763"}],"collection":[{"href":"https:\/\/unitechmuhendislik.com\/index.php?rest_route=\/wp\/v2\/pages"}],"about":[{"href":"https:\/\/unitechmuhendislik.com\/index.php?rest_route=\/wp\/v2\/types\/page"}],"author":[{"embeddable":true,"href":"https:\/\/unitechmuhendislik.com\/index.php?rest_route=\/wp\/v2\/users\/4852"}],"replies":[{"embeddable":true,"href":"https:\/\/unitechmuhendislik.com\/index.php?rest_route=%2Fwp%2Fv2%2Fcomments&post=1763"}],"version-history":[{"count":4,"href":"https:\/\/unitechmuhendislik.com\/index.php?rest_route=\/wp\/v2\/pages\/1763\/revisions"}],"predecessor-version":[{"id":1910,"href":"https:\/\/unitechmuhendislik.com\/index.php?rest_route=\/wp\/v2\/pages\/1763\/revisions\/1910"}],"wp:attachment":[{"href":"https:\/\/unitechmuhendislik.com\/index.php?rest_route=%2Fwp%2Fv2%2Fmedia&parent=1763"}],"curies":[{"name":"wp","href":"https:\/\/api.w.org\/{rel}","templated":true}]}}