{"id":1943,"date":"2019-12-25T15:44:02","date_gmt":"2019-12-25T12:44:02","guid":{"rendered":"https:\/\/unitechmuhendislik.com\/?page_id=1943"},"modified":"2019-12-25T15:46:59","modified_gmt":"2019-12-25T12:46:59","slug":"peyzaj-ve-bahce-sulama-sistemleri","status":"publish","type":"page","link":"https:\/\/unitechmuhendislik.com\/?page_id=1943","title":{"rendered":"Peyzaj ve Bah\u00e7e Sulama Sistemleri"},"content":{"rendered":"<p>[vc_row][vc_column width=&#8221;1\/2&#8243;][vc_column_text]Bah\u00e7e, modern hayatta insanlar\u0131 do\u011fayla bir araya getiren ya\u015fam alan\u0131n\u0131n en g\u00fczel b\u00f6l\u00fcm\u00fcd\u00fcr. \u00d6zellikle b\u00fcy\u00fck \u015fehirlerde m\u00fcstakil bir eve sahip olmak b\u00fcy\u00fck bir l\u00fcks. \u00c7o\u011fu ki\u015fi apartman ve sitede oturdu\u011fu i\u00e7in ortak bir bah\u00e7e alan\u0131n\u0131 kullanmak zorunda. Dolay\u0131s\u0131yla insan\u0131n kendine ait bir bah\u00e7esi olmas\u0131 ve diledi\u011fi gibi d\u00fczenleyebilmesi ger\u00e7ekten bir \u015fans. Bah\u00e7ede hafta sonlar\u0131 dinlenebilir, barbek\u00fc yapabilir, \u00e7i\u00e7ek ekebilir ve \u00e7e\u015fitli bah\u00e7e \u00fcr\u00fcnleri ile daha bir \u00e7ok a\u00e7\u0131k hava aktivitesi ger\u00e7ekle\u015ftirebilirsiniz. Bu nedenle k\u00fc\u00e7\u00fck ya da b\u00fcy\u00fck, bah\u00e7enizin boyutlar\u0131 nas\u0131l olursa olsun kendinize ait topra\u011f\u0131 mutlaka de\u011ferlendirmenizi tavsiye ediyoruz.<\/p>\n<p>Bah\u00e7e sahibi olanlar \u015fansl\u0131 olmakla birlikte bak\u0131ms\u0131z bir bah\u00e7e hem kullan\u0131\u015fs\u0131z hem de k\u00f6t\u00fc bir manzaraya neden olur. \u00d6zellikle \u00e7i\u00e7ek ve bitkilerin d\u00fczenli sulamaya ihtiyac\u0131 var. G\u00fcn\u00fcm\u00fczde aile bireylerin i\u015f ve okul nedeniyle s\u00fcrekli bah\u00e7e ile ilgilenmesi m\u00fcmk\u00fcn olmuyor. Bilhassa b\u00fcy\u00fck bir bah\u00e7e s\u00f6z konusuysa d\u00fczenli bak\u0131m daha da zor. Ancak yaz aylar\u0131nda yo\u011fun s\u0131cakl\u0131klar oldu\u011fu d\u00fc\u015f\u00fcn\u00fcl\u00fcrse sulamay\u0131 ihmal etmemek gerek. Bu makalede otomatik bah\u00e7e sulama sistemlerinden s\u00f6z edece\u011fiz.[\/vc_column_text][\/vc_column][vc_column width=&#8221;1\/2&#8243;][vc_empty_space][vc_single_image image=&#8221;1945&#8243; img_size=&#8221;full&#8221;][\/vc_column][\/vc_row]<\/p>\n","protected":false},"excerpt":{"rendered":"<p>[vc_row][vc_column width=&#8221;1\/2&#8243;][vc_column_text]Bah\u00e7e, modern hayatta insanlar\u0131 do\u011fayla bir araya getiren ya\u015fam alan\u0131n\u0131n en g\u00fczel b\u00f6l\u00fcm\u00fcd\u00fcr. \u00d6zellikle b\u00fcy\u00fck \u015fehirlerde m\u00fcstakil bir eve sahip olmak b\u00fcy\u00fck bir l\u00fcks. \u00c7o\u011fu ki\u015fi apartman ve sitede oturdu\u011fu i\u00e7in ortak bir bah\u00e7e alan\u0131n\u0131 kullanmak zorunda. Dolay\u0131s\u0131yla insan\u0131n kendine ait bir bah\u00e7esi olmas\u0131 ve diledi\u011fi gibi d\u00fczenleyebilmesi ger\u00e7ekten bir \u015fans. Bah\u00e7ede hafta sonlar\u0131 [&hellip;]<\/p>\n","protected":false},"author":4852,"featured_media":0,"parent":0,"menu_order":0,"comment_status":"closed","ping_status":"closed","template":"page-templates\/template-fullwidth.php","meta":[],"_links":{"self":[{"href":"https:\/\/unitechmuhendislik.com\/index.php?rest_route=\/wp\/v2\/pages\/1943"}],"collection":[{"href":"https:\/\/unitechmuhendislik.com\/index.php?rest_route=\/wp\/v2\/pages"}],"about":[{"href":"https:\/\/unitechmuhendislik.com\/index.php?rest_route=\/wp\/v2\/types\/page"}],"author":[{"embeddable":true,"href":"https:\/\/unitechmuhendislik.com\/index.php?rest_route=\/wp\/v2\/users\/4852"}],"replies":[{"embeddable":true,"href":"https:\/\/unitechmuhendislik.com\/index.php?rest_route=%2Fwp%2Fv2%2Fcomments&post=1943"}],"version-history":[{"count":4,"href":"https:\/\/unitechmuhendislik.com\/index.php?rest_route=\/wp\/v2\/pages\/1943\/revisions"}],"predecessor-version":[{"id":1949,"href":"https:\/\/unitechmuhendislik.com\/index.php?rest_route=\/wp\/v2\/pages\/1943\/revisions\/1949"}],"wp:attachment":[{"href":"https:\/\/unitechmuhendislik.com\/index.php?rest_route=%2Fwp%2Fv2%2Fmedia&parent=1943"}],"curies":[{"name":"wp","href":"https:\/\/api.w.org\/{rel}","templated":true}]}}